{"id":1160,"date":"2023-03-10T15:32:46","date_gmt":"2023-03-10T13:32:46","guid":{"rendered":"https:\/\/www.clinident.fi\/www\/?page_id=1160"},"modified":"2026-01-26T00:41:06","modified_gmt":"2026-01-25T22:41:06","slug":"ajanvaraus","status":"publish","type":"page","link":"https:\/\/www.clinident.fi\/www\/","title":{"rendered":"Ajanvaraus"},"content":{"rendered":"\n<div class=\"wp-block-group alignfull has-global-padding is-layout-constrained wp-block-group-is-layout-constrained\">\n<div class=\"wp-block-group alignfull has-global-padding is-layout-constrained wp-block-group-is-layout-constrained\">\n<div class=\"wp-block-group alignfull has-global-padding is-layout-constrained wp-block-group-is-layout-constrained\">\n<section id=\"wp-block-themeisle-blocks-advanced-columns-44a9f658\" class=\"wp-block-themeisle-blocks-advanced-columns alignfull has-1-columns has-desktop-equal-layout has-tablet-equal-layout has-mobile-collapsedRows-layout has-reverse-columns-mobile has-vertical-center ticss-c00aadba\"><div class=\"wp-block-themeisle-blocks-advanced-columns-overlay\"><\/div><div class=\"innerblocks-wrap\">\n<div id=\"wp-block-themeisle-blocks-advanced-column-a7673246\" class=\"wp-block-themeisle-blocks-advanced-column\">\n<div style=\"height:100px\" aria-hidden=\"true\" class=\"wp-block-spacer\"><\/div>\n\n\n\n<h1 id=\"wp-block-themeisle-blocks-advanced-heading-14e691d7\" class=\"wp-block-themeisle-blocks-advanced-heading wp-block-themeisle-blocks-advanced-heading-14e691d7 ticss-5d2e350b\">Ajanvaraus<\/h1>\n\n\n\n<div class=\"wp-block-buttons is-content-justification-center is-layout-flex wp-container-1 wp-block-buttons-is-layout-flex\">\n<div class=\"wp-block-button is-style-primary is-style-fill\"><a class=\"wp-block-button__link has-foreground-color has-secondary-background-color has-text-color has-background wp-element-button\" href=\"https:\/\/appointment.assiscare.com\/#clinident\/appointment\" target=\"_blank\" rel=\"noreferrer noopener\">VARAA AIKA<\/a><\/div>\n\n\n\n<div class=\"wp-block-button is-style-primary is-style-fill\"><a class=\"wp-block-button__link has-foreground-color has-secondary-background-color has-text-color has-background wp-element-button\" href=\"tel:0103224010\" target=\"_blank\" rel=\"noreferrer noopener\">SOITA MEILLE 010 322 4010<\/a><\/div>\n<\/div>\n\n\n\n<div style=\"height:100px\" aria-hidden=\"true\" class=\"wp-block-spacer\"><\/div>\n<\/div>\n<\/div><\/section>\n<\/div>\n<\/div>\n<\/div>\n\n\n\n\n\n<section id=\"wp-block-themeisle-blocks-advanced-columns-335a2f03\" class=\"wp-block-themeisle-blocks-advanced-columns alignfull has-1-columns has-desktop-equal-layout has-tablet-equal-layout has-mobile-equal-layout has-vertical-flex-start\"><div class=\"wp-block-themeisle-blocks-advanced-columns-overlay\"><\/div><div class=\"innerblocks-wrap\">\n<div id=\"wp-block-themeisle-blocks-advanced-column-5d90343f\" class=\"wp-block-themeisle-blocks-advanced-column\">\n<section id=\"wp-block-themeisle-blocks-advanced-columns-b2ead1d6\" class=\"wp-block-themeisle-blocks-advanced-columns has-2-columns has-desktop-equal-layout has-tablet-equal-layout has-mobile-collapsedRows-layout has-vertical-center\"><div class=\"wp-block-themeisle-blocks-advanced-columns-overlay\"><\/div><div class=\"innerblocks-wrap\">\n<div id=\"wp-block-themeisle-blocks-advanced-column-7c705a1c\" class=\"wp-block-themeisle-blocks-advanced-column\">\n<div id=\"wp-block-themeisle-blocks-advanced-heading-ea5e7576\" class=\"wp-block-themeisle-blocks-advanced-heading wp-block-themeisle-blocks-advanced-heading-ea5e7576\">SUUSI PARHAAT YST\u00c4V\u00c4T<\/div>\n\n\n\n<h2 class=\"wp-block-heading\">Palvelemme teit\u00e4 ensiluokkaisesti<\/h2>\n\n\n\n<p class=\"has-foreground-color has-text-color\">Kokenut ja ammattitaitoinen henkil\u00f6st\u00f6mme auttaa teit\u00e4 kaikissa hammashoidon ja hyvinvointinne haasteissa. <\/p>\n\n\n\n<p>L\u00e4mpim\u00e4sti tervetuloa varaamaan aika ja tutustumaan hammasl\u00e4\u00e4k\u00e4riasemaamme!<\/p>\n\n\n\n<p>&#8211; <em>Hammasl\u00e4\u00e4k\u00e4riasema Clinidentin omistaja HLL Katri Luukkonen<\/em><\/p>\n\n\n\n<div class=\"wp-block-buttons is-layout-flex wp-block-buttons-is-layout-flex\">\n<div class=\"wp-block-button is-style-primary is-style-outline\"><a class=\"wp-block-button__link has-primary-color has-white-background-color has-text-color has-background wp-element-button\" href=\"https:\/\/appointment.assiscare.com\/#clinident\/appointment\" style=\"border-radius:11px;padding-top:var(--wp--preset--spacing--30);padding-right:var(--wp--preset--spacing--30);padding-bottom:var(--wp--preset--spacing--30);padding-left:var(--wp--preset--spacing--30)\">VARAA AIKA VERKOSTA<\/a><\/div>\n<\/div>\n<\/div>\n\n\n\n<div id=\"wp-block-themeisle-blocks-advanced-column-5f9a9ec0\" class=\"wp-block-themeisle-blocks-advanced-column\">\n<figure class=\"wp-block-image size-large\"><img decoding=\"async\" width=\"1020\" height=\"1019\" src=\"https:\/\/mlmp3ufxmrke.i.optimole.com\/cb:Lcz9.50a86\/w:1020\/h:1019\/q:mauto\/f:avif\/https:\/\/www.clinident.fi\/www\/wp-content\/uploads\/2017\/06\/katriluukkonen-21-huone-3-e1681705577848.jpg\" alt=\"\" class=\"wp-image-1040\"\/><\/figure>\n<\/div>\n<\/div><\/section>\n\n\n\n<section id=\"wp-block-themeisle-blocks-advanced-columns-8e7cc7ae\" class=\"wp-block-themeisle-blocks-advanced-columns has-3-columns has-desktop-equal-layout has-tablet-equal-layout has-mobile-collapsedRows-layout has-vertical-flex-start\"><div class=\"wp-block-themeisle-blocks-advanced-columns-overlay\"><\/div><div class=\"innerblocks-wrap\">\n<div id=\"wp-block-themeisle-blocks-advanced-column-725f10a7\" class=\"wp-block-themeisle-blocks-advanced-column\">\n<h3 class=\"wp-block-heading has-text-align-left\">Palvelumme<\/h3>\n\n\n\n<p class=\"has-text-align-left\">Hammasl\u00e4\u00e4k\u00e4riasema Clinidentilt\u00e4 saatte kaikki hammashoidon ja -terveyden peruspalvelut. <\/p>\n\n\n\n<p class=\"has-text-align-left\">Tarjoamme t\u00e4ydet biohammasl\u00e4\u00e4k\u00e4rin palvelut ja k\u00e4yt\u00e4mme hoidoissa mahdollisimman luonnonmukaisia aineita.<\/p>\n\n\n\n<p><\/p>\n<\/div>\n\n\n\n<div id=\"wp-block-themeisle-blocks-advanced-column-3c67f726\" class=\"wp-block-themeisle-blocks-advanced-column\">\n<h3 class=\"wp-block-heading has-text-align-left\">Yksil\u00f6llinen hoito<\/h3>\n\n\n\n<p class=\"has-text-align-left\">Meilt\u00e4 saatte yksil\u00f6llisen hoitosuunnitelman ja p\u00e4\u00e4sette asioimaan tutun, kokeneen henkil\u00f6kunnan kanssa. <\/p>\n\n\n\n<p class=\"has-text-align-left\">Olemme tottuneet kokemusta vaativiin suuriinkin muutoksiin yli 20 vuoden kokemuksella.<\/p>\n<\/div>\n\n\n\n<div id=\"wp-block-themeisle-blocks-advanced-column-4956dbc0\" class=\"wp-block-themeisle-blocks-advanced-column\">\n<h3 class=\"wp-block-heading has-text-align-left\">Ajanvaraus<\/h3>\n\n\n\n<p class=\"has-text-align-left\">Voitte varata ajan <a rel=\"noreferrer noopener\" href=\"https:\/\/www.clinident.fi\/www\/\" data-type=\"page\" data-id=\"1160\" target=\"_blank\">verkossa<\/a>, soittamalla meille p. 010 322 4010 tai k\u00e4ym\u00e4ll\u00e4 paikan p\u00e4\u00e4ll\u00e4 Kauppiaskatu 13 Lh 19:ssa Turun Valopihalla. <\/p>\n<\/div>\n<\/div><\/section>\n<\/div>\n<\/div><\/section>\n\n\n\n<div id=\"wp-block-themeisle-blocks-slider-2c183811\" class=\"wp-block-themeisle-blocks-slider glide\" data-per-view=\"1\" data-gap=\"0\" data-peek=\"0\" data-autoplay=\"true\" data-height=\"400px\" data-hide-arrows=\"false\"><div class=\"glide__track\" data-glide-el=\"track\"><div class=\"glide__slides\"><div class=\"wp-block-themeisle-blocks-slider-item-wrapper glide__slide\" tabindex=\"0\"><figure><img decoding=\"async\" class=\"wp-block-themeisle-blocks-slider-item\" src=\"https:\/\/mlmp3ufxmrke.i.optimole.com\/cb:Lcz9.50a86\/w:auto\/h:auto\/q:mauto\/f:avif\/https:\/\/www.clinident.fi\/www\/wp-content\/uploads\/2023\/03\/cropped-kuva-1.png\" alt=\"\" title=\"\" data-id=\"1190\"\/><\/figure><\/div><div class=\"wp-block-themeisle-blocks-slider-item-wrapper glide__slide\" tabindex=\"0\"><figure><img decoding=\"async\" class=\"wp-block-themeisle-blocks-slider-item\" src=\"https:\/\/mlmp3ufxmrke.i.optimole.com\/cb:Lcz9.50a86\/w:auto\/h:auto\/q:mauto\/f:avif\/https:\/\/www.clinident.fi\/www\/wp-content\/uploads\/2017\/06\/cropped-clinident-11-tilakuva.jpg\" alt=\"\" title=\"\" data-id=\"1191\"\/><\/figure><\/div><div class=\"wp-block-themeisle-blocks-slider-item-wrapper glide__slide\" tabindex=\"0\"><figure><img data-opt-src=\"https:\/\/mlmp3ufxmrke.i.optimole.com\/cb:Lcz9.50a86\/w:auto\/h:auto\/q:mauto\/f:avif\/https:\/\/www.clinident.fi\/www\/wp-content\/uploads\/2023\/07\/IMG_0188.jpg\"  decoding=\"async\" class=\"wp-block-themeisle-blocks-slider-item\" src=\"data:image/svg+xml,%3Csvg%20viewBox%3D%220%200%20100%%20100%%22%20width%3D%22100%%22%20height%3D%22100%%22%20xmlns%3D%22http%3A%2F%2Fwww.w3.org%2F2000%2Fsvg%22%3E%3C%2Fsvg%3E\" alt=\"\" title=\"\" data-id=\"2036\"\/><\/figure><\/div><\/div><div class=\"glide__bullets\" data-glide-el=\"controls[nav]\"><button class=\"glide__bullet\" data-glide-dir=\"=0\"><\/button><button class=\"glide__bullet\" data-glide-dir=\"=1\"><\/button><button class=\"glide__bullet\" data-glide-dir=\"=2\"><\/button><\/div><\/div><\/div>\n\n\n\n<section id=\"services\" class=\"wp-block-themeisle-blocks-advanced-columns alignfull has-1-columns has-desktop-equal-layout has-tablet-equal-layout has-mobile-equal-layout has-vertical-flex-start has-light-bg\"><div class=\"wp-block-themeisle-blocks-advanced-columns-overlay\"><\/div><div class=\"innerblocks-wrap\">\n<section id=\"wp-block-themeisle-blocks-advanced-column-9642dc3f\" class=\"wp-block-themeisle-blocks-advanced-column has-light-bg\"><div class=\"wp-block-themeisle-blocks-advanced-column-overlay\"><\/div>\n<div class=\"wp-block-group has-global-padding is-layout-constrained wp-block-group-is-layout-constrained\">\n<section id=\"wp-block-themeisle-blocks-advanced-columns-62d68e08\" class=\"wp-block-themeisle-blocks-advanced-columns has-1-columns has-desktop-equal-layout has-tablet-equal-layout has-mobile-equal-layout has-vertical-flex-start\"><div class=\"wp-block-themeisle-blocks-advanced-columns-overlay\"><\/div><div class=\"innerblocks-wrap\">\n<div id=\"wp-block-themeisle-blocks-advanced-column-ba020b38\" class=\"wp-block-themeisle-blocks-advanced-column\">\n<p id=\"wp-block-themeisle-blocks-advanced-heading-c4f1d6a7\" class=\"wp-block-themeisle-blocks-advanced-heading wp-block-themeisle-blocks-advanced-heading-c4f1d6a7\"><strong>Tervetuloa kokonaisvaltaisen hyvinvoinnin hammasl\u00e4\u00e4k\u00e4riasemallemme<\/strong><\/p>\n\n\n\n<h2 class=\"wp-block-heading has-text-align-center has-black-color has-text-color has-sorts-mill-goudy-font-family\">Palvelumme<\/h2>\n\n\n\n<p class=\"has-text-align-center has-black-color has-text-color\"><strong>Akuuttiajoissa suosittelemme soittamaan ja tiedustelemaan p\u00e4iv\u00e4n vapaita aikoja<\/strong> <strong>p. 010 322 4010<\/strong>.<\/p>\n\n\n\n<div style=\"height:20px\" aria-hidden=\"true\" class=\"wp-block-spacer\"><\/div>\n<\/div>\n<\/div><\/section>\n<\/div>\n\n\n\n<div style=\"height:20px\" aria-hidden=\"true\" class=\"wp-block-spacer\"><\/div>\n\n\n\n<section id=\"wp-block-themeisle-blocks-advanced-columns-c568fbc0\" class=\"wp-block-themeisle-blocks-advanced-columns has-3-columns has-desktop-equal-layout has-tablet-equal-layout has-mobile-collapsedRows-layout has-vertical-flex-start\"><div class=\"wp-block-themeisle-blocks-advanced-columns-overlay\"><\/div><div class=\"innerblocks-wrap\">\n<div id=\"wp-block-themeisle-blocks-advanced-column-645429cb\" class=\"wp-block-themeisle-blocks-advanced-column\">\n<h3 id=\"wp-block-themeisle-blocks-advanced-heading-21fcd68f\" class=\"wp-block-themeisle-blocks-advanced-heading wp-block-themeisle-blocks-advanced-heading-21fcd68f\">Arki kuntoon<\/h3>\n\n\n\n<p class=\"has-text-align-center has-black-color has-text-color\">Hammastarkastukset, -puhdistukset ja suunhoito<br>Biohammasl\u00e4\u00e4k\u00e4ripalvelut<br>Apua arjessa jaksamiseen hyvinvointivalmentajan avulla.<br><\/p>\n\n\n\n<div class=\"wp-block-buttons is-content-justification-center is-layout-flex wp-container-7 wp-block-buttons-is-layout-flex\">\n<div class=\"wp-block-button is-style-primary is-style-outline\"><a class=\"wp-block-button__link has-black-color has-white-background-color has-text-color has-background wp-element-button\" href=\"https:\/\/www.clinident.fi\/www\/kokonaisvaltainen-hyvinvointi\/\">LUE LIS\u00c4\u00c4<\/a><\/div>\n<\/div>\n<\/div>\n\n\n\n<div id=\"wp-block-themeisle-blocks-advanced-column-46197171\" class=\"wp-block-themeisle-blocks-advanced-column\">\n<h3 id=\"wp-block-themeisle-blocks-advanced-heading-2ec6c5e2\" class=\"wp-block-themeisle-blocks-advanced-heading wp-block-themeisle-blocks-advanced-heading-2ec6c5e2\">Estetiikka<\/h3>\n\n\n\n<p class=\"has-text-align-center has-black-color has-text-color\">Valkaisut<br>Suoremmat hampaat<br>Cerec-posliinipaikat amalgaamipaikkojen tilalle<br><br><\/p>\n\n\n\n<div class=\"wp-block-buttons is-content-justification-center is-layout-flex wp-container-8 wp-block-buttons-is-layout-flex\">\n<div class=\"wp-block-button is-style-primary is-style-outline\"><a class=\"wp-block-button__link has-black-color has-white-background-color has-text-color has-background wp-element-button\" href=\"https:\/\/www.clinident.fi\/www\/esteettinen-hammashoito\/\">LUE LIS\u00c4\u00c4<\/a><\/div>\n<\/div>\n<\/div>\n\n\n\n<div id=\"wp-block-themeisle-blocks-advanced-column-7465c66f\" class=\"wp-block-themeisle-blocks-advanced-column\">\n<h3 id=\"wp-block-themeisle-blocks-advanced-heading-24bf7e06\" class=\"wp-block-themeisle-blocks-advanced-heading wp-block-themeisle-blocks-advanced-heading-24bf7e06\">Purenta<\/h3>\n\n\n\n<p class=\"has-text-align-center has-black-color has-text-color\">Purennan korjaukset<br>Implantit<br>Proteesit<br><br><br><\/p>\n\n\n\n<div class=\"wp-block-buttons is-content-justification-center is-layout-flex wp-container-9 wp-block-buttons-is-layout-flex\">\n<div class=\"wp-block-button is-style-primary is-style-outline\"><a class=\"wp-block-button__link has-black-color has-white-background-color has-text-color has-background wp-element-button\" href=\"https:\/\/www.clinident.fi\/www\/implantit-ja-proteesit\/\">LUE LIS\u00c4\u00c4<\/a><\/div>\n<\/div>\n<\/div>\n<\/div><\/section>\n<\/section>\n<\/div><\/section>\n\n\n\n<h3 class=\"wp-block-heading has-foreground-color has-text-color has-sorts-mill-goudy-font-family\" style=\"text-transform:capitalize\">Perushammashoidon palvelut<\/h3>\n\n\n\n<div id=\"wp-block-themeisle-blocks-advanced-columns-55b78b58\" class=\"wp-block-themeisle-blocks-advanced-columns alignfull has-3-columns has-desktop-equal-layout has-tablet-equal-layout has-mobile-collapsedRows-layout has-vertical-center ticss-c00aadba\"><div class=\"wp-block-themeisle-blocks-advanced-columns-overlay\"><\/div><div class=\"innerblocks-wrap\">\n<div id=\"wp-block-themeisle-blocks-advanced-column-d16eef57\" class=\"wp-block-themeisle-blocks-advanced-column\">\n<figure class=\"wp-block-image aligncenter size-large has-custom-border\"><img data-opt-src=\"https:\/\/mlmp3ufxmrke.i.optimole.com\/cb:Lcz9.50a86\/w:720\/h:1080\/q:mauto\/f:avif\/https:\/\/www.clinident.fi\/www\/wp-content\/uploads\/2017\/06\/0G7A3596_ulla.jpg\"  decoding=\"async\" width=\"1020\" height=\"1530\" src=\"data:image/svg+xml,%3Csvg%20viewBox%3D%220%200%201020%201530%22%20width%3D%221020%22%20height%3D%221530%22%20xmlns%3D%22http%3A%2F%2Fwww.w3.org%2F2000%2Fsvg%22%3E%3C%2Fsvg%3E\" alt=\"\" class=\"wp-image-923\" style=\"border-radius:3px\"\/><\/figure>\n\n\n\n<h3 id=\"wp-block-themeisle-blocks-advanced-heading-af4a6933\" class=\"wp-block-themeisle-blocks-advanced-heading wp-block-themeisle-blocks-advanced-heading-af4a6933\">Ulla Kilpinen<\/h3>\n\n\n\n<p class=\"has-text-align-center\">Yleishammasl\u00e4\u00e4k\u00e4ri palvelee teit\u00e4 perushoidoissa ammattitaitoisesti ja teid\u00e4t huomioiden.<\/p>\n\n\n\n<div class=\"wp-block-buttons is-content-justification-center is-layout-flex wp-container-10 wp-block-buttons-is-layout-flex\">\n<div class=\"wp-block-button is-style-primary is-style-outline\"><a class=\"wp-block-button__link wp-element-button\" href=\"https:\/\/appointment.assiscare.com\/#clinident\/appointment\" target=\"_blank\" rel=\"noreferrer noopener\">varaa aika ullalle hammastarkastukseen<\/a><\/div>\n<\/div>\n<\/div>\n\n\n\n<div id=\"wp-block-themeisle-blocks-advanced-column-bd1b0b6b\" class=\"wp-block-themeisle-blocks-advanced-column\">\n<figure class=\"wp-block-gallery aligncenter has-nested-images columns-default wp-block-gallery-11 is-layout-flex wp-block-gallery-is-layout-flex\">\n<figure class=\"wp-block-image size-large\"><a href=\"https:\/\/www.clinident.fi\/www\/ajanvaraus\/attachment\/img_0017\/\"><img data-opt-src=\"https:\/\/mlmp3ufxmrke.i.optimole.com\/cb:Lcz9.50a86\/w:720\/h:1080\/q:mauto\/f:avif\/https:\/\/www.clinident.fi\/www\/wp-content\/uploads\/2026\/01\/IMG_0017.jpeg\"  decoding=\"async\" width=\"1020\" height=\"1530\" src=\"data:image/svg+xml,%3Csvg%20viewBox%3D%220%200%201020%201530%22%20width%3D%221020%22%20height%3D%221530%22%20xmlns%3D%22http%3A%2F%2Fwww.w3.org%2F2000%2Fsvg%22%3E%3C%2Fsvg%3E\" alt=\"\" class=\"wp-image-2148\"\/><\/a><\/figure>\n<\/figure>\n\n\n\n<h3 id=\"wp-block-themeisle-blocks-advanced-heading-112ba0b0\" class=\"wp-block-themeisle-blocks-advanced-heading wp-block-themeisle-blocks-advanced-heading-112ba0b0\">Joel Mustonen<\/h3>\n\n\n\n<p class=\"has-text-align-center\">Kokenut suuhygienistimme Joel Mustonen tekee peruspuhdistukset, suositut soodapuhdistukset ja valkaisut.<\/p>\n\n\n\n<div class=\"wp-block-buttons is-content-justification-center is-layout-flex wp-container-13 wp-block-buttons-is-layout-flex\">\n<div class=\"wp-block-button is-style-primary is-style-outline\"><a class=\"wp-block-button__link wp-element-button\" href=\"https:\/\/appointment.assiscare.com\/#clinident\/appointment\" target=\"_blank\" rel=\"noreferrer noopener\">VARAA AIKA Joelille<\/a><\/div>\n<\/div>\n<\/div>\n\n\n\n<div id=\"wp-block-themeisle-blocks-advanced-column-07b3d357\" class=\"wp-block-themeisle-blocks-advanced-column\">\n<figure class=\"wp-block-image aligncenter size-large has-custom-border\"><img data-opt-src=\"https:\/\/mlmp3ufxmrke.i.optimole.com\/cb:Lcz9.50a86\/w:720\/h:1080\/q:mauto\/f:avif\/https:\/\/www.clinident.fi\/www\/wp-content\/uploads\/2017\/06\/0G7A3661_tuula.jpg\"  decoding=\"async\" width=\"1020\" height=\"1530\" src=\"data:image/svg+xml,%3Csvg%20viewBox%3D%220%200%201020%201530%22%20width%3D%221020%22%20height%3D%221530%22%20xmlns%3D%22http%3A%2F%2Fwww.w3.org%2F2000%2Fsvg%22%3E%3C%2Fsvg%3E\" alt=\"\" class=\"wp-image-922\" style=\"border-radius:3px\"\/><\/figure>\n\n\n\n<h3 id=\"wp-block-themeisle-blocks-advanced-heading-c1dd424b\" class=\"wp-block-themeisle-blocks-advanced-heading wp-block-themeisle-blocks-advanced-heading-c1dd424b\">Toimistomme palvelee<\/h3>\n\n\n\n<p class=\"has-text-align-center\">Palvelemme teit\u00e4 mielell\u00e4mme my\u00f6s puhelimitse ja ohjaamme teit\u00e4 eteenp\u00e4in. Emme veloita erillisi\u00e4 toimistomaksuja.<\/p>\n\n\n\n<div class=\"wp-block-buttons is-content-justification-center is-layout-flex wp-container-14 wp-block-buttons-is-layout-flex\">\n<div class=\"wp-block-button is-style-primary is-style-outline\"><a class=\"wp-block-button__link wp-element-button\" href=\"tel:0103224010\">SOITA MEILLE 0103224010<\/a><\/div>\n<\/div>\n<\/div>\n<\/div><\/div>\n\n\n\n<figure class=\"wp-block-pullquote\"><blockquote><p><strong>Ei toimistomaksua!<\/strong><\/p><cite><em>Esimerkkej\u00e4 perushinnoista <strong>ENNEN<\/strong> Kelakorvausta:<br>Tutkimukset: 80 \u20ac \u2013 110 \u20ac<br>R\u00f6ntgenkuvat: 42 \u20ac \u2013 61 \u20ac<br>Hammaskiven poisto (shg): 95 \u20ac \u2013 155 \u20ac<br>Paikkaukset yhdistelm\u00e4muovilla: 91 \u20ac \u2013 220 \u20ac<\/em><\/cite><\/blockquote><\/figure>\n","protected":false},"excerpt":{"rendered":"<p>Perushammashoidon palvelut Ei toimistomaksua! Esimerkkej\u00e4 perushinnoista ENNEN Kelakorvausta:Tutkimukset: 80 \u20ac \u2013 110 \u20acR\u00f6ntgenkuvat: 42 \u20ac \u2013 61 \u20acHammaskiven poisto (shg): 95 \u20ac \u2013 155 \u20acPaikkaukset yhdistelm\u00e4muovilla: 91 \u20ac \u2013 220 \u20ac<\/p>\n","protected":false},"author":1,"featured_media":0,"parent":0,"menu_order":0,"comment_status":"closed","ping_status":"closed","template":"","meta":{"_themeisle_gutenberg_block_has_review":false,"footnotes":""},"acf":[],"_links":{"self":[{"href":"https:\/\/www.clinident.fi\/www\/wp-json\/wp\/v2\/pages\/1160"}],"collection":[{"href":"https:\/\/www.clinident.fi\/www\/wp-json\/wp\/v2\/pages"}],"about":[{"href":"https:\/\/www.clinident.fi\/www\/wp-json\/wp\/v2\/types\/page"}],"author":[{"embeddable":true,"href":"https:\/\/www.clinident.fi\/www\/wp-json\/wp\/v2\/users\/1"}],"replies":[{"embeddable":true,"href":"https:\/\/www.clinident.fi\/www\/wp-json\/wp\/v2\/comments?post=1160"}],"version-history":[{"count":205,"href":"https:\/\/www.clinident.fi\/www\/wp-json\/wp\/v2\/pages\/1160\/revisions"}],"predecessor-version":[{"id":2161,"href":"https:\/\/www.clinident.fi\/www\/wp-json\/wp\/v2\/pages\/1160\/revisions\/2161"}],"wp:attachment":[{"href":"https:\/\/www.clinident.fi\/www\/wp-json\/wp\/v2\/media?parent=1160"}],"curies":[{"name":"wp","href":"https:\/\/api.w.org\/{rel}","templated":true}]}}