{"id":1138,"date":"2023-03-10T15:29:54","date_gmt":"2023-03-10T13:29:54","guid":{"rendered":"https:\/\/www.clinident.fi\/www\/?page_id=1138"},"modified":"2023-08-02T08:11:14","modified_gmt":"2023-08-02T05:11:14","slug":"tyoterveyshammashoito","status":"publish","type":"page","link":"https:\/\/www.clinident.fi\/www\/tyoterveyshammashoito\/","title":{"rendered":"Ty\u00f6terveyshammashoito"},"content":{"rendered":"\n<div id=\"wp-block-themeisle-blocks-advanced-columns-2c60bc77\" class=\"wp-block-themeisle-blocks-advanced-columns alignfull has-1-columns has-desktop-equal-layout has-tablet-equal-layout has-mobile-collapsedRows-layout has-reverse-columns-mobile has-vertical-center ticss-c00aadba\"><div class=\"wp-block-themeisle-blocks-advanced-columns-overlay\"><\/div><div class=\"innerblocks-wrap\">\n<div id=\"wp-block-themeisle-blocks-advanced-column-75b9263d\" class=\"wp-block-themeisle-blocks-advanced-column\">\n<div style=\"height:100px\" aria-hidden=\"true\" class=\"wp-block-spacer\"><\/div>\n\n\n\n<h1 id=\"wp-block-themeisle-blocks-advanced-heading-5d5675df\" class=\"wp-block-themeisle-blocks-advanced-heading wp-block-themeisle-blocks-advanced-heading-5d5675df\">TY\u00d6TERVEYS<\/h1>\n\n\n\n<p id=\"wp-block-themeisle-blocks-advanced-heading-40ecd43d\" class=\"wp-block-themeisle-blocks-advanced-heading wp-block-themeisle-blocks-advanced-heading-40ecd43d\">Jaksamista &amp; iloa henkil\u00f6kunnalle, v\u00e4hentyneit\u00e4 sairaspoissaoloja, edustava hyvinvoiva henkil\u00f6st\u00f6.<\/p>\n\n\n\n<div class=\"wp-block-buttons is-content-justification-center is-layout-flex wp-container-1 wp-block-buttons-is-layout-flex\">\n<div class=\"wp-block-button is-style-primary\"><a class=\"wp-block-button__link has-foreground-color has-secondary-background-color has-text-color has-background wp-element-button\" href=\"tel:0103224010\">SOITA MEILLE p. 0103224010<\/a><\/div>\n<\/div>\n\n\n\n<div style=\"height:100px\" aria-hidden=\"true\" class=\"wp-block-spacer\"><\/div>\n<\/div>\n<\/div><\/div>\n\n\n\n<p><\/p>\n\n\n\n<p><\/p>\n\n\n\n\n\n<div id=\"wp-block-themeisle-blocks-advanced-columns-784450ff\" class=\"wp-block-themeisle-blocks-advanced-columns alignfull has-1-columns has-desktop-equal-layout has-tablet-equal-layout has-mobile-collapsedRows-layout has-vertical-center ticss-c00aadba\"><div class=\"wp-block-themeisle-blocks-advanced-columns-overlay\"><\/div><div class=\"innerblocks-wrap\">\n<div id=\"wp-block-themeisle-blocks-advanced-column-d0fbfc0a\" class=\"wp-block-themeisle-blocks-advanced-column\">\n<div id=\"wp-block-themeisle-blocks-advanced-columns-f32a2609\" class=\"wp-block-themeisle-blocks-advanced-columns has-1-columns has-desktop-equal-layout has-tablet-equal-layout has-mobile-equal-layout has-vertical-center\"><div class=\"wp-block-themeisle-blocks-advanced-columns-overlay\"><\/div><div class=\"innerblocks-wrap\">\n<div id=\"wp-block-themeisle-blocks-advanced-column-3567d86b\" class=\"wp-block-themeisle-blocks-advanced-column\">\n<h2 id=\"wp-block-themeisle-blocks-advanced-heading-d5f71f32\" class=\"wp-block-themeisle-blocks-advanced-heading wp-block-themeisle-blocks-advanced-heading-d5f71f32\">Autamme teit\u00e4 voimaan paremmin<\/h2>\n\n\n\n<p class=\"has-text-align-center\">Hammasl\u00e4\u00e4k\u00e4riasema Clinident on <strong>kokonaisvaltaisen hyvinvoinnin hammasl\u00e4\u00e4k\u00e4riasema Turun Valopihalla<\/strong>.<\/p>\n<\/div>\n<\/div><\/div>\n\n\n\n<div id=\"wp-block-themeisle-blocks-advanced-columns-8085ff1f\" class=\"wp-block-themeisle-blocks-advanced-columns has-3-columns has-desktop-equal-layout has-tablet-equal-layout has-mobile-collapsedRows-layout has-vertical-top\"><div class=\"wp-block-themeisle-blocks-advanced-columns-overlay\"><\/div><div class=\"innerblocks-wrap\">\n<div id=\"wp-block-themeisle-blocks-advanced-column-dfb15c39\" class=\"wp-block-themeisle-blocks-advanced-column\">\n<div id=\"wp-block-themeisle-blocks-font-awesome-icons-c5fd27f1\" class=\"wp-block-themeisle-blocks-font-awesome-icons\"><span class=\"wp-block-themeisle-blocks-font-awesome-icons-container\"><svg xmlns=\"http:\/\/www.w3.org\/2000\/svg\" viewBox=\"0 0 1800 1800\"><path d=\"M872.831,1326.446c-1.999,0.113-3.853-0.183-5.733-0.53c-6.064-1.076-11.863-3.945-16.53-8.611 l-514.859-514.86c-5.852-5.855-9.138-13.792-9.138-22.068c0-8.275,3.287-16.212,9.142-22.067L455.5,638.535 c12.189-12.185,31.954-12.185,44.126,0l373.109,373.1l727.884-727.89c12.189-12.185,31.949-12.185,44.131,0l119.788,119.784 c5.855,5.851,9.142,13.792,9.142,22.067s-3.286,16.212-9.137,22.063l-869.649,869.645 C889.043,1323.155,881.106,1326.446,872.831,1326.446z M401.905,780.377l470.825,470.83l825.614-825.61l-75.657-75.653 l-727.885,727.889c-12.19,12.186-31.95,12.186-44.13,0L477.563,704.729L401.905,780.377z\"><\/path><path d=\"M1692.376,662.67c22.568,75.209,34.758,154.872,34.758,237.334c0,456.08-371.054,827.129-827.138,827.129 c-456.08,0-827.129-371.05-827.129-827.129c0-456.084,371.049-827.138,827.129-827.138c213.186,0,407.787,81.086,554.605,214.022 l44.161-44.165C1340.604,98.513,1130.391,10.456,899.996,10.456c-490.494,0-889.54,399.051-889.54,889.548 s399.046,889.54,889.54,889.54c490.498,0,889.548-399.042,889.548-889.54c0-100.372-16.734-196.909-47.517-286.985 L1692.376,662.67z\"><\/path><\/svg><\/span><\/div>\n\n\n\n<h3 id=\"wp-block-themeisle-blocks-advanced-heading-3147d135\" class=\"wp-block-themeisle-blocks-advanced-heading wp-block-themeisle-blocks-advanced-heading-3147d135\">Terveempi henkil\u00f6st\u00f6<\/h3>\n\n\n\n<p class=\"has-text-align-center\">Olemme v\u00e4hent\u00e4neet vaivoja ja sairauspoissaoloja mm. p\u00e4\u00e4- ja niskakipuja, suun ja leukojen alueen infektioita ja muita yleiseen terveyteen vaikuttavia vaivoja hoitamalla.<\/p>\n\n\n\n<div class=\"wp-block-buttons is-vertical is-content-justification-center is-layout-flex wp-container-2 wp-block-buttons-is-layout-flex\">\n<div class=\"wp-block-button is-style-primary is-style-outline\"><a class=\"wp-block-button__link has-foreground-color has-white-background-color has-text-color has-background wp-element-button\" href=\"tel:0103224010\">OTA YHTEYTT\u00c4<\/a><\/div>\n<\/div>\n<\/div>\n\n\n\n<div id=\"wp-block-themeisle-blocks-advanced-column-ec09b220\" class=\"wp-block-themeisle-blocks-advanced-column ticss-ec09b220\">\n<div id=\"wp-block-themeisle-blocks-font-awesome-icons-a609dd26\" class=\"wp-block-themeisle-blocks-font-awesome-icons\"><span class=\"wp-block-themeisle-blocks-font-awesome-icons-container\"><svg xmlns=\"http:\/\/www.w3.org\/2000\/svg\" viewBox=\"0 0 1800 1800\"><path d=\"M872.831,1326.446c-1.999,0.113-3.853-0.183-5.733-0.53c-6.064-1.076-11.863-3.945-16.53-8.611 l-514.859-514.86c-5.852-5.855-9.138-13.792-9.138-22.068c0-8.275,3.287-16.212,9.142-22.067L455.5,638.535 c12.189-12.185,31.954-12.185,44.126,0l373.109,373.1l727.884-727.89c12.189-12.185,31.949-12.185,44.131,0l119.788,119.784 c5.855,5.851,9.142,13.792,9.142,22.067s-3.286,16.212-9.137,22.063l-869.649,869.645 C889.043,1323.155,881.106,1326.446,872.831,1326.446z M401.905,780.377l470.825,470.83l825.614-825.61l-75.657-75.653 l-727.885,727.889c-12.19,12.186-31.95,12.186-44.13,0L477.563,704.729L401.905,780.377z\"><\/path><path d=\"M1692.376,662.67c22.568,75.209,34.758,154.872,34.758,237.334c0,456.08-371.054,827.129-827.138,827.129 c-456.08,0-827.129-371.05-827.129-827.129c0-456.084,371.049-827.138,827.129-827.138c213.186,0,407.787,81.086,554.605,214.022 l44.161-44.165C1340.604,98.513,1130.391,10.456,899.996,10.456c-490.494,0-889.54,399.051-889.54,889.548 s399.046,889.54,889.54,889.54c490.498,0,889.548-399.042,889.548-889.54c0-100.372-16.734-196.909-47.517-286.985 L1692.376,662.67z\"><\/path><\/svg><\/span><\/div>\n\n\n\n<h3 id=\"wp-block-themeisle-blocks-advanced-heading-869a9c1f\" class=\"wp-block-themeisle-blocks-advanced-heading wp-block-themeisle-blocks-advanced-heading-869a9c1f\">Kokeneet ammattilaiset<\/h3>\n\n\n\n<p class=\"has-text-align-center\">Kokeneella, yst\u00e4v\u00e4llisell\u00e4 ja osaavalla henkil\u00f6kunnallamme on pitk\u00e4 kokemus r\u00e4\u00e4t\u00e4l\u00f6idyist\u00e4 ty\u00f6terveyshammashoitopalveluista.&nbsp;<\/p>\n\n\n\n<div class=\"wp-block-buttons is-vertical is-content-justification-center is-layout-flex wp-container-3 wp-block-buttons-is-layout-flex\">\n<div class=\"wp-block-button is-style-primary is-style-outline\"><a class=\"wp-block-button__link has-primary-color has-white-background-color has-text-color has-background wp-element-button\" href=\"tel:0103224010\">OTA YHTEYTT\u00c4<\/a><\/div>\n<\/div>\n<\/div>\n\n\n\n<div id=\"wp-block-themeisle-blocks-advanced-column-adbc5601\" class=\"wp-block-themeisle-blocks-advanced-column\">\n<div id=\"wp-block-themeisle-blocks-font-awesome-icons-7eb4f2b9\" class=\"wp-block-themeisle-blocks-font-awesome-icons\"><span class=\"wp-block-themeisle-blocks-font-awesome-icons-container\"><svg xmlns=\"http:\/\/www.w3.org\/2000\/svg\" viewBox=\"0 0 1800 1800\"><path d=\"M872.831,1326.446c-1.999,0.113-3.853-0.183-5.733-0.53c-6.064-1.076-11.863-3.945-16.53-8.611 l-514.859-514.86c-5.852-5.855-9.138-13.792-9.138-22.068c0-8.275,3.287-16.212,9.142-22.067L455.5,638.535 c12.189-12.185,31.954-12.185,44.126,0l373.109,373.1l727.884-727.89c12.189-12.185,31.949-12.185,44.131,0l119.788,119.784 c5.855,5.851,9.142,13.792,9.142,22.067s-3.286,16.212-9.137,22.063l-869.649,869.645 C889.043,1323.155,881.106,1326.446,872.831,1326.446z M401.905,780.377l470.825,470.83l825.614-825.61l-75.657-75.653 l-727.885,727.889c-12.19,12.186-31.95,12.186-44.13,0L477.563,704.729L401.905,780.377z\"><\/path><path d=\"M1692.376,662.67c22.568,75.209,34.758,154.872,34.758,237.334c0,456.08-371.054,827.129-827.138,827.129 c-456.08,0-827.129-371.05-827.129-827.129c0-456.084,371.049-827.138,827.129-827.138c213.186,0,407.787,81.086,554.605,214.022 l44.161-44.165C1340.604,98.513,1130.391,10.456,899.996,10.456c-490.494,0-889.54,399.051-889.54,889.548 s399.046,889.54,889.54,889.54c490.498,0,889.548-399.042,889.548-889.54c0-100.372-16.734-196.909-47.517-286.985 L1692.376,662.67z\"><\/path><\/svg><\/span><\/div>\n\n\n\n<h3 id=\"wp-block-themeisle-blocks-advanced-heading-bacc3ab4\" class=\"wp-block-themeisle-blocks-advanced-heading wp-block-themeisle-blocks-advanced-heading-bacc3ab4\">Helpot pakettiratkaisut<\/h3>\n\n\n\n<p>Voimme suunnitella yritykselle r\u00e4\u00e4t\u00e4l\u00f6idyn paketin vuosittaisista hoitopalveluistamme. Keskustelemme mielell\u00e4mme juuri tarpeisiinne sopivan ratkaisun.<\/p>\n\n\n\n<div class=\"wp-block-buttons is-vertical is-content-justification-center is-layout-flex wp-container-4 wp-block-buttons-is-layout-flex\">\n<div class=\"wp-block-button is-style-primary is-style-outline\"><a class=\"wp-block-button__link has-primary-color has-white-background-color has-text-color has-background wp-element-button\" href=\"tel:0103224010\">OTA YHTEYTT\u00c4<\/a><\/div>\n<\/div>\n<\/div>\n<\/div><\/div>\n<\/div>\n<\/div><\/div>\n\n\n\n<figure class=\"wp-block-pullquote\"><blockquote><p>ESIMERKKEJ\u00c4 PERUSHINNOISTAMME<\/p><cite><em>Esimerkkej\u00e4 perushinnoista<strong> ENNEN<\/strong> Kelakorvausta:<br>Tutkimukset: 80 \u20ac &#8211; 110 \u20ac<br>R\u00f6ntgenkuvat: 42 \u20ac &#8211; 61 \u20ac<br>Hammaskiven poisto (shg): 95 \u20ac &#8211; 155 \u20ac<br>Paikkaukset yhdistelm\u00e4muovilla: 91 \u20ac &#8211; 220 \u20ac<\/em><\/cite><\/blockquote><\/figure>\n\n\n\n<p class=\"has-text-align-center\"><strong>K\u00e4yt\u00f6ss\u00e4mme on Kelan suorakorvaus, jotta v\u00e4ltytte itse korvauksien hakemiselta!<\/strong><\/p>\n\n\n\n\n\n<div id=\"wp-block-themeisle-blocks-advanced-columns-892d63be\" class=\"wp-block-themeisle-blocks-advanced-columns alignfull has-2-columns has-desktop-equal-layout has-tablet-equal-layout has-mobile-collapsedRows-layout has-reverse-columns-mobile has-vertical-center ticss-c00aadba\"><div class=\"wp-block-themeisle-blocks-advanced-columns-overlay\"><\/div><div class=\"innerblocks-wrap\">\n<div id=\"wp-block-themeisle-blocks-advanced-column-bd7fc139\" class=\"wp-block-themeisle-blocks-advanced-column\"><style type=\"text\/css\">.otter-masonry .blocks-gallery-grid .blocks-gallery-item img{ width:100% }<\/style><div class=\"otter-masonry\" data-margin=\"10\">\n<figure class=\"wp-block-gallery has-nested-images columns-2 is-cropped wp-block-gallery-5 is-layout-flex wp-block-gallery-is-layout-flex\">\n<figure class=\"wp-block-image aligncenter size-medium\"><img decoding=\"async\" src=\"https:\/\/mlmp3ufxmrke.i.optimole.com\/cb:Lcz9.50a86\/w:632\/h:499\/q:mauto\/f:avif\/https:\/\/www.clinident.fi\/www\/wp-content\/uploads\/2023\/04\/9481DDE8-AB7E-48E5-B318-AF01FF7CC7EA.jpeg\" alt=\"\" class=\"wp-image-2018\"\/><\/figure>\n\n\n\n<figure class=\"wp-block-image aligncenter size-large\"><img decoding=\"async\" width=\"1020\" height=\"680\" src=\"https:\/\/mlmp3ufxmrke.i.optimole.com\/cb:Lcz9.50a86\/w:1020\/h:680\/q:mauto\/f:avif\/https:\/\/www.clinident.fi\/www\/wp-content\/uploads\/2023\/03\/kuva-e1690952893795.png\" alt=\"\" class=\"wp-image-1185\"\/><\/figure>\n\n\n\n<figure class=\"wp-block-image aligncenter size-medium\"><img decoding=\"async\" src=\"https:\/\/mlmp3ufxmrke.i.optimole.com\/cb:Lcz9.50a86\/w:632\/h:425\/q:mauto\/f:avif\/https:\/\/www.clinident.fi\/www\/wp-content\/uploads\/2023\/03\/clinident-2.jpg\" alt=\"\" class=\"wp-image-1844\"\/><\/figure>\n\n\n\n<figure class=\"wp-block-image aligncenter size-medium\"><img data-opt-src=\"https:\/\/mlmp3ufxmrke.i.optimole.com\/cb:Lcz9.50a86\/w:632\/h:652\/q:mauto\/f:avif\/https:\/\/www.clinident.fi\/www\/wp-content\/uploads\/2017\/06\/clinident-3-tilakuva-e1690951572324.jpg\"  decoding=\"async\" src=\"data:image/svg+xml,%3Csvg%20viewBox%3D%220%200%20632%20652%22%20width%3D%22632%22%20height%3D%22652%22%20xmlns%3D%22http%3A%2F%2Fwww.w3.org%2F2000%2Fsvg%22%3E%3C%2Fsvg%3E\" alt=\"\" class=\"wp-image-1015\"\/><\/figure>\n<\/figure>\n<\/div><\/div>\n\n\n\n<div id=\"wp-block-themeisle-blocks-advanced-column-95263c9b\" class=\"wp-block-themeisle-blocks-advanced-column\">\n<p id=\"wp-block-themeisle-blocks-advanced-heading-947c5d88\" class=\"wp-block-themeisle-blocks-advanced-heading wp-block-themeisle-blocks-advanced-heading-947c5d88\"><strong>HELPPOKULKUISET<\/strong><\/p>\n\n\n\n<h2 id=\"wp-block-themeisle-blocks-advanced-heading-7734bc41\" class=\"wp-block-themeisle-blocks-advanced-heading wp-block-themeisle-blocks-advanced-heading-7734bc41\">Modernit ja esteett\u00f6m\u00e4t tilat<\/h2>\n<\/div>\n<\/div><\/div>\n\n\n\n<p><\/p>\n\n\n\n<p><br><strong><br>Laskutamme vain ennakkoon sovituista ja toteutuneista palveluista, ei kuukausi- tai toimistomaksuja!<\/strong> <strong>Voimme tehd\u00e4 ty\u00f6terveyssopimuksen yrityksellenne ensik\u00e4ynnin yhteydess\u00e4.<\/strong><\/p>\n","protected":false},"excerpt":{"rendered":"<p>ESIMERKKEJ\u00c4 PERUSHINNOISTAMME Esimerkkej\u00e4 perushinnoista ENNEN Kelakorvausta:Tutkimukset: 80 \u20ac &#8211; 110 \u20acR\u00f6ntgenkuvat: 42 \u20ac &#8211; 61 \u20acHammaskiven poisto (shg): 95 \u20ac &#8211; 155 \u20acPaikkaukset yhdistelm\u00e4muovilla: 91 \u20ac &#8211; 220 \u20ac K\u00e4yt\u00f6ss\u00e4mme on Kelan suorakorvaus, jotta v\u00e4ltytte itse korvauksien hakemiselta! Laskutamme vain ennakkoon sovituista ja toteutuneista palveluista, ei kuukausi- tai toimistomaksuja! Voimme tehd\u00e4 ty\u00f6terveyssopimuksen yrityksellenne ensik\u00e4ynnin yhteydess\u00e4.<\/p>\n","protected":false},"author":1,"featured_media":0,"parent":0,"menu_order":0,"comment_status":"closed","ping_status":"closed","template":"","meta":{"_themeisle_gutenberg_block_has_review":false,"footnotes":""},"acf":[],"_links":{"self":[{"href":"https:\/\/www.clinident.fi\/www\/wp-json\/wp\/v2\/pages\/1138"}],"collection":[{"href":"https:\/\/www.clinident.fi\/www\/wp-json\/wp\/v2\/pages"}],"about":[{"href":"https:\/\/www.clinident.fi\/www\/wp-json\/wp\/v2\/types\/page"}],"author":[{"embeddable":true,"href":"https:\/\/www.clinident.fi\/www\/wp-json\/wp\/v2\/users\/1"}],"replies":[{"embeddable":true,"href":"https:\/\/www.clinident.fi\/www\/wp-json\/wp\/v2\/comments?post=1138"}],"version-history":[{"count":48,"href":"https:\/\/www.clinident.fi\/www\/wp-json\/wp\/v2\/pages\/1138\/revisions"}],"predecessor-version":[{"id":2079,"href":"https:\/\/www.clinident.fi\/www\/wp-json\/wp\/v2\/pages\/1138\/revisions\/2079"}],"wp:attachment":[{"href":"https:\/\/www.clinident.fi\/www\/wp-json\/wp\/v2\/media?parent=1138"}],"curies":[{"name":"wp","href":"https:\/\/api.w.org\/{rel}","templated":true}]}}