{"id":1137,"date":"2023-03-10T15:29:54","date_gmt":"2023-03-10T13:29:54","guid":{"rendered":"https:\/\/www.clinident.fi\/www\/?page_id=1137"},"modified":"2023-09-01T11:49:52","modified_gmt":"2023-09-01T08:49:52","slug":"kokonaisvaltainen-hyvinvointi","status":"publish","type":"page","link":"https:\/\/www.clinident.fi\/www\/kokonaisvaltainen-hyvinvointi\/","title":{"rendered":"Kokonaisvaltainen hyvinvointi"},"content":{"rendered":"\n<div id=\"wp-block-themeisle-blocks-advanced-columns-2c60bc77\" class=\"wp-block-themeisle-blocks-advanced-columns alignfull has-1-columns has-desktop-equal-layout has-tablet-equal-layout has-mobile-collapsedRows-layout has-reverse-columns-mobile has-vertical-center ticss-c00aadba\"><div class=\"wp-block-themeisle-blocks-advanced-columns-overlay\"><\/div><div class=\"innerblocks-wrap\">\n<div id=\"wp-block-themeisle-blocks-advanced-column-75b9263d\" class=\"wp-block-themeisle-blocks-advanced-column\">\n<div style=\"height:100px\" aria-hidden=\"true\" class=\"wp-block-spacer\"><\/div>\n\n\n\n<h1 id=\"wp-block-themeisle-blocks-advanced-heading-5d5675df\" class=\"wp-block-themeisle-blocks-advanced-heading wp-block-themeisle-blocks-advanced-heading-5d5675df\">Apua ARJESSA JAKSAMISEEN<\/h1>\n\n\n\n<p id=\"wp-block-themeisle-blocks-advanced-heading-40ecd43d\" class=\"wp-block-themeisle-blocks-advanced-heading wp-block-themeisle-blocks-advanced-heading-40ecd43d\">Toimimme Clinidentill\u00e4 hampaiden hoidossa ja hyvinvoinnin lis\u00e4\u00e4misess\u00e4 kokonaisvaltaisella otteella. <\/p>\n\n\n\n<div class=\"wp-block-buttons is-content-justification-center is-layout-flex wp-container-1 wp-block-buttons-is-layout-flex\">\n<div class=\"wp-block-button is-style-primary\"><a class=\"wp-block-button__link has-secondary-color has-text-color wp-element-button\" href=\"tel:0103224010\">KUINKA VOISIMME AUTTAA SINUA? SOITA MEILLE JA KERRO ongelmastasi!<\/a><\/div>\n<\/div>\n\n\n\n<div style=\"height:0px\" aria-hidden=\"true\" class=\"wp-block-spacer\"><\/div>\n<\/div>\n<\/div><\/div>\n\n\n\n<section id=\"services\" class=\"wp-block-themeisle-blocks-advanced-columns alignfull has-1-columns has-desktop-equal-layout has-tablet-equal-layout has-mobile-equal-layout has-vertical-flex-start has-light-bg\"><div class=\"wp-block-themeisle-blocks-advanced-columns-overlay\"><\/div><div class=\"innerblocks-wrap\">\n<div id=\"wp-block-themeisle-blocks-advanced-column-9642dc3f\" class=\"wp-block-themeisle-blocks-advanced-column\">\n<section id=\"wp-block-themeisle-blocks-advanced-columns-62d68e08\" class=\"wp-block-themeisle-blocks-advanced-columns has-1-columns has-desktop-equal-layout has-tablet-equal-layout has-mobile-equal-layout has-vertical-flex-start\"><div class=\"wp-block-themeisle-blocks-advanced-columns-overlay\"><\/div><div class=\"innerblocks-wrap\">\n<div id=\"wp-block-themeisle-blocks-advanced-column-ba020b38\" class=\"wp-block-themeisle-blocks-advanced-column\">\n<p id=\"wp-block-themeisle-blocks-advanced-heading-c4f1d6a7\" class=\"wp-block-themeisle-blocks-advanced-heading wp-block-themeisle-blocks-advanced-heading-c4f1d6a7\">TERVEYTT\u00c4 ja LUONNOLLISTA ESTETIIKKAA ETSIM\u00c4SS\u00c4?<\/p>\n\n\n\n<h2 class=\"wp-block-heading has-text-align-center has-foreground-color has-text-color\">Konseptimme<\/h2>\n\n\n\n<p class=\"has-text-align-center has-foreground-color has-text-color\">Autamme asiakkaitamme kohti parempaa estetiikkaa, hammasterveytt\u00e4 ja huomioimme my\u00f6s muun terveytenne. Voimalla kokonaisvaltaisesti paremmin, saat lis\u00e4\u00e4 jaksamista arkeen ja paremman olon.<\/p>\n\n\n\n<div style=\"height:20px\" aria-hidden=\"true\" class=\"wp-block-spacer\"><\/div>\n<\/div>\n<\/div><\/section>\n\n\n\n<figure class=\"wp-block-image aligncenter size-large has-custom-border\"><img decoding=\"async\" width=\"1020\" height=\"612\" src=\"https:\/\/mlmp3ufxmrke.i.optimole.com\/cb:Lcz9.50a86\/w:1020\/h:612\/q:mauto\/f:avif\/https:\/\/www.clinident.fi\/www\/wp-content\/uploads\/2023\/03\/cropped-Apple-Teeth-Clinident-2000x1200-px.png\" alt=\"\" class=\"wp-image-1289\" style=\"border-radius:3px\"\/><\/figure>\n\n\n\n<div style=\"height:20px\" aria-hidden=\"true\" class=\"wp-block-spacer\"><\/div>\n\n\n\n<section id=\"wp-block-themeisle-blocks-advanced-columns-c568fbc0\" class=\"wp-block-themeisle-blocks-advanced-columns has-3-columns has-desktop-equal-layout has-tablet-equal-layout has-mobile-collapsedRows-layout has-vertical-flex-start\"><div class=\"wp-block-themeisle-blocks-advanced-columns-overlay\"><\/div><div class=\"innerblocks-wrap\">\n<div id=\"wp-block-themeisle-blocks-advanced-column-645429cb\" class=\"wp-block-themeisle-blocks-advanced-column\">\n<h3 id=\"wp-block-themeisle-blocks-advanced-heading-21fcd68f\" class=\"wp-block-themeisle-blocks-advanced-heading wp-block-themeisle-blocks-advanced-heading-21fcd68f\">Apua terveellisiin el\u00e4m\u00e4ntapoihin, motivaatioon ja stressiin<\/h3>\n\n\n\n<p class=\"has-text-align-center has-foreground-color has-text-color\">Kaipaatko apua el\u00e4m\u00e4ntapamuutosten aloittamiseen? Saat meilt\u00e4 apua arjessa jaksamiseen ja hyvinvointisi kohentamiseen erikoissairaanhoitajan valmennuksessa. Pitk\u00e4n linjan asiantuntijamme auttaa l\u00f6yt\u00e4m\u00e4\u00e4n kadonneita voimavaroja ja motivaatiota muutokseen. Varaa aika konsultaation ja kuulet, kuinka voimme olla avuksi jaksamisesi suhteen!<\/p>\n\n\n\n<div class=\"wp-block-buttons is-content-justification-center is-layout-flex wp-container-2 wp-block-buttons-is-layout-flex\">\n<div class=\"wp-block-button is-style-primary is-style-outline\"><a class=\"wp-block-button__link wp-element-button\" href=\"tel:0103224010\">SOITA TOIMISTOLLEMME JA SOVI AIKA IRMELILLE<\/a><\/div>\n<\/div>\n<\/div>\n\n\n\n<div id=\"wp-block-themeisle-blocks-advanced-column-46197171\" class=\"wp-block-themeisle-blocks-advanced-column\">\n<h3 id=\"wp-block-themeisle-blocks-advanced-heading-2ec6c5e2\" class=\"wp-block-themeisle-blocks-advanced-heading wp-block-themeisle-blocks-advanced-heading-2ec6c5e2\">Juice Plus+<\/h3>\n\n\n\n<p class=\"has-text-align-center has-foreground-color has-text-color\">Aidoista hedelmist\u00e4 ja marjoista valmistetut ekologiset vitamiinivalmisteet auttavat jaksamaan arjessasi paremmin. Saat tuotteita vastaanotoltamme ja my\u00f6s suoraan nettikaupasta kotiin kuljetettuna.<\/p>\n\n\n\n<div class=\"wp-block-buttons is-content-justification-center is-layout-flex wp-container-3 wp-block-buttons-is-layout-flex\">\n<div class=\"wp-block-button is-style-primary is-style-outline\"><a class=\"wp-block-button__link wp-element-button\" href=\"https:\/\/katri.juiceplus.com\/fi\/fi\" target=\"_blank\" rel=\"noreferrer noopener\">TILAA TUOTTEITA<\/a><\/div>\n<\/div>\n<\/div>\n\n\n\n<div id=\"wp-block-themeisle-blocks-advanced-column-7465c66f\" class=\"wp-block-themeisle-blocks-advanced-column\">\n<h3 id=\"wp-block-themeisle-blocks-advanced-heading-24bf7e06\" class=\"wp-block-themeisle-blocks-advanced-heading wp-block-themeisle-blocks-advanced-heading-24bf7e06\">Bemer<\/h3>\n\n\n\n<p class=\"has-text-align-center has-foreground-color has-text-color\">Jaksamista arkeesi mikroverenkierron parantamisen kautta. Tervetuloa meille kokeilemaan Bemer-alustaa esimerkiksi purentalihashieronnan yhteydess\u00e4.<\/p>\n\n\n\n<div class=\"wp-block-buttons is-content-justification-center is-layout-flex wp-container-4 wp-block-buttons-is-layout-flex\">\n<div class=\"wp-block-button is-style-primary is-style-outline\"><a class=\"wp-block-button__link wp-element-button\" href=\"tel:0103224010\">OTA YHTEYTT\u00c4<\/a><\/div>\n<\/div>\n<\/div>\n<\/div><\/section>\n<\/div>\n<\/div><\/section>\n\n\n\n<figure class=\"wp-block-image aligncenter size-large is-resized is-style-rounded\"><a href=\"https:\/\/mlmp3ufxmrke.i.optimole.com\/cb:Lcz9.50a86\/w:auto\/h:auto\/q:mauto\/f:avif\/https:\/\/www.clinident.fi\/www\/wp-content\/uploads\/2023\/03\/irmeli_raakaa-19.jpg\"><img decoding=\"async\" src=\"https:\/\/mlmp3ufxmrke.i.optimole.com\/cb:Lcz9.50a86\/w:720\/h:1080\/q:mauto\/f:avif\/https:\/\/www.clinident.fi\/www\/wp-content\/uploads\/2023\/03\/irmeli_raakaa-19.jpg\" alt=\"\" class=\"wp-image-1865\" style=\"width:255px;height:383px\" width=\"255\" height=\"383\"\/><\/a><figcaption class=\"wp-element-caption\">Irmeli Viljanen &#8211; Hyvinvointivalmentaja<\/figcaption><\/figure>\n","protected":false},"excerpt":{"rendered":"","protected":false},"author":1,"featured_media":0,"parent":0,"menu_order":0,"comment_status":"closed","ping_status":"closed","template":"","meta":{"_themeisle_gutenberg_block_has_review":false,"footnotes":""},"acf":[],"_links":{"self":[{"href":"https:\/\/www.clinident.fi\/www\/wp-json\/wp\/v2\/pages\/1137"}],"collection":[{"href":"https:\/\/www.clinident.fi\/www\/wp-json\/wp\/v2\/pages"}],"about":[{"href":"https:\/\/www.clinident.fi\/www\/wp-json\/wp\/v2\/types\/page"}],"author":[{"embeddable":true,"href":"https:\/\/www.clinident.fi\/www\/wp-json\/wp\/v2\/users\/1"}],"replies":[{"embeddable":true,"href":"https:\/\/www.clinident.fi\/www\/wp-json\/wp\/v2\/comments?post=1137"}],"version-history":[{"count":23,"href":"https:\/\/www.clinident.fi\/www\/wp-json\/wp\/v2\/pages\/1137\/revisions"}],"predecessor-version":[{"id":2125,"href":"https:\/\/www.clinident.fi\/www\/wp-json\/wp\/v2\/pages\/1137\/revisions\/2125"}],"wp:attachment":[{"href":"https:\/\/www.clinident.fi\/www\/wp-json\/wp\/v2\/media?parent=1137"}],"curies":[{"name":"wp","href":"https:\/\/api.w.org\/{rel}","templated":true}]}}